ivided by 493?
470
Calculate the remainder when 2781 is divided by 36.
9
Calculate the remainder when 51244 is divided by 25621.
2
Calculate the remainder when 3439 is divided by 102.
73
Calculate the remainder when 18352 is divided by 6114.
10
What is the remainder when 67483 is divided by 419?
24
What is the remainder when 1837017 is divided by 204?
201
Calculate the remainder when 16721 is divided by 8360.
1
Calculate the remainder when 2612 is divided by 262.
254
What is the remainder when 317996 is divided by 799?
793
What is the remainder when 8664 is divided by 9?
6
What is the remainder when 6291 is divided by 3127?
37
Calculate the remainder when 308693 is divided by 1805.
38
Calculate the remainder when 282132 is divided by 330.
312
Calculate the remainder when 17935 is divided by 70.
15
What is the remainder when 40510 is divided by 11?
8
Calculate the remainder when 1166 is divided by 94.
38
Calculate the remainder when 34993 is divided by 29.
19
Calculate the remainder when 15070 is divided by 162.
4
What is the remainder when 5325 is divided by 95?
5
Calculate the remainder when 473519 is divided by 236751.
17
What is the remainder when 13504 is divided by 4451?
151
Calculate the remainder when 7551 is divided by 7535.
16
What is the remainder when 3937 is divided by 557?
38
What is the remainder when 5502013 is divided by 832?
829
What is the remainder when 90887 is divided by 6057?
32
Calculate the remainder when 3762 is divided by 573.
324
What is the remainder when 415165 is divided by 82?
81
What is the remainder when 2674 is divided by 212?
130
Calculate the remainder when 77695 is divided by 25890.
25
Calculate the remainder when 8807 is divided by 905.
662
Calculate the remainder when 36848 is divided by 351.
344
What is the remainder when 17449 is divided by 2180?
9
Calculate the remainder when 299388 is divided by 83.
7
What is the remainder when 78613 is divided by 19653?
1
What is the remainder when 20379 is divided by 1850?
29
What is the remainder when 34248 is divided by 17117?
14
Calculate the remainder when 310555 is divided by 60.
55
Calculate the remainder when 201942 is divided by 15.
12
Calculate the remainder when 104604 is divided by 23.
0
What is the remainder when 2686 is divided by 1272?
142
What is the remainder when 3042 is divided by 152?
2
What is the remainder when 564022 is divided by 112803?
7
What is the remainder when 116841 is divided by 95?
86
What is the remainder when 104536 is divided by 82?
68
What is the remainder when 5947 is divided by 986?
31
What is the remainder when 3020 is divided by 37?
23
Calculate the remainder when 38519 is divided by 57.
44
What is the remainder when 3134 is divided by 355?
294
What is the remainder when 21297 is divided by 1118?
55
What is the remainder when 1260 is divided by 212?
200
Calculate the remainder when 7727 is divided by 133.
13
What is the remainder when 64865 is divided by 18?
11
What is the remainder when 905842 is divided by 21?
7
Calculate the remainder when 16144 is divided by 766.
58
What is the remainder when 1223 is divided by 22?
13
What is the remainder when 69439 is divided by 17?
11
What is the remainder when 14845 is divided by 570?
25
Calculate the remainder when 4157793 is divided by 1263.
1260
Calculate the remainder when 6007 is divided by 590.
107
What is the remainder when 10635 is divided by 748?
163
Calculate the remainder when 17256 is divided by 909.
894
Calculate the remainder when 221849 is divided by 37.
34
What is the remainder when 4230 is divided by 2097?
36
What is the remainder when 312297 is divided by 52042?
45
What is the remainder when 11831 is divided by 1690?
1
Calculate the remainder when 2902 is divided by 38.
14
Calculate the remainder when 3951 is divided by 123.
15
Calculate the remainder when 4971 is divided by 161.
141
What is the remainder when 94968 is divided by 406?
370
Calculate the remainder when 56563 is divided by 86.
61
What is the remainder when 7215 is divided by 82?
81
Calculate the remainder when 14722 is divided by 4905.
7
What is the remainder when 18949 is divided by 6281?
106
What is the remainder when 56385 is divided by 28?
21
Calculate the remainder when 1228 is divided by 954.
274
Calculate the remainder when 59997 is divided by 9997.
15
Calculate the remainder when 23634 is divided by 416.
338
What is the remainder when 588 is divided by 232?
124
Calculate the remainder when 1360413 is divided by 56.
5
Calculate the remainder when 234971 is divided by 642.
641
Calculate the remainder when 1140 is divided by 279.
24
What is the remainder when 1569 is divided by 327?
261
What is the remainder when 40405 is divided by 405?
310
What is the remainder when 28175 is divided by 33?
26
What is the remainder when 3189 is divided by 292?
269
Calculate the remainder when 489557 is divided by 108.
101
Calculate the remainder when 1003 is divided by 961.
42
Calculate the remainder when 239641 is divided by 256.
25
Calculate the remainder when 324835 is divided by 81207.
7
Calculate the remainder when 1404 is divided by 46.
24
Calculate the remainder when 795440 is divided by 397715.
10
Calculate the remainder when 36590 is divided by 75.
65
Calculate the remainder when 1743 is divided by 1287.
456
What is the remainder when 1267 is divided by 1243?
24
Calculate the remainder when 1013 is divided by 55.
23
Calculate the remainder when 53572 is divided by 6.
4
What is the remainder when 14864 is divided by 2968?
24
Calculate the remainder when 4420 is divided by 1091.
56
Calculate the remainder when 5216 is divided by 113.
18
What is the remainder when 619526 is divided by 1755?
11
What is the remainder when 272381 is divided by 243?
221
What is the remainder when 238661 is divided by 528?
5
What is the remainder when 42855 is divided by 31?
13
What is the remainder when 46241 is divided by 91?
13
What is the remainder when 993 is divided by 967?
26
What is the remainder when 7308 is divided by 498?
336
Calculate the remainder when 1960 is divided by 40.
0
What is the remainder when 3605 is divided by 69?
17
Calculate the remainder when 29166 is divided by 21.
18
Calculate the remainder when 6110 is divided by 473.
434
What is the remainder when 4302807 is divided by 907?
906
What is the remainder when 5918 is divided by 41?
14
What is the remainder when 325412 is divided by 38?
18
Calculate the remainder when 22191 is divided by 16.
15
Calculate the remainder when 28037 is divided by 7008.
5
What is the remainder when 75556 is divided by 293?
255
What is the remainder when 556821 is divided by 2690?
2681
Calculate the remainder when 733234 is divided by 116.
114
Calculate the remainder when 7394 is divided by 28.
2
What is the remainder when 2389 is divided by 488?
437
What is the remainder when 78876 is divided by 173?
161
Calculate the remainder when 190655 is divided by 3466.
25
Calculate the remainder when 14568 is divided by 8.
0
What is the remainder when 538749 is divided by 736?
733
What is the remainder when 3040 is divided by 173?
99
Calculate the remainder when 1016472 is divided by 25.
22
What is the remainder when 49906 is divided by 367?
361
Calculate the remainder when 11556 is divided by 150.
6
Calculate the remainder when 1624 is divided by 97.
72
Calculate the remainder when 23874 is divided by 5.
4
What is the remainder when 9325 is divided by 311?
306
What is the remainder when 6497 is divided by 8?
1
What is the remainder when 71836 is divided by 449?
445
Calculate the remainder when 8883 is divided by 84.
63
What is the remainder when 22332 is divided by 283?
258
What is the remainder when 1375 is divided by 77?
66
Calculate the remainder when 3303249 is divided by 905.
904
What is the remainder when 846382 is divided by 77?
75
Calculate the remainder when 118067 is divided by 2811.
5
Calculate the remainder when 37130 is divided by 71.
68
Calculate the remainder when 11516 is divided by 52.
24
Calculate the remainder when 55389 is divided by 133.
61
What is the remainder when 1912 is divided by 1778?
134
Calculate the remainder when 4749 is divided by 4707.
42
Calculate the remainder when 25124 is divided by 6280.
4
Calculate the remainder when 2695 is divided by 2078.